le of 43?
True
Does 11 divide 3492?
False
Is 109 a multiple of 2?
False
Is 1120 a multiple of 28?
True
Is 20384 a multiple of 49?
True
Does 29 divide 29?
True
Is 2760 a multiple of 30?
True
Does 2 divide 86?
True
Is 5 a factor of 23?
False
Is 1344 a multiple of 112?
True
Is 2557 a multiple of 16?
False
Does 302 divide 18120?
True
Does 8 divide 175?
False
Does 75 divide 3034?
False
Is 60 a factor of 10320?
True
Does 44 divide 1232?
True
Is 102 a multiple of 3?
True
Is 61 a factor of 82?
False
Does 83 divide 415?
True
Does 30 divide 1034?
False
Is 70 a factor of 37800?
True
Is 19749 a multiple of 51?
False
Is 5 a factor of 144?
False
Does 2 divide 597?
False
Is 1725 a multiple of 114?
False
Is 297 a multiple of 27?
True
Is 3 a factor of 653?
False
Is 1063 a multiple of 3?
False
Does 18 divide 540?
True
Is 1831 a multiple of 3?
False
Does 8 divide 48984?
True
Is 66 a factor of 198?
True
Is 13452 a multiple of 57?
True
Does 46 divide 1748?
True
Does 5 divide 44526?
False
Is 410 a multiple of 10?
True
Is 12 a factor of 952?
False
Does 59 divide 31624?
True
Is 53 a factor of 62010?
True
Is 100 a factor of 1400?
True
Is 49285 a multiple of 14?
False
Does 18 divide 396?
True
Is 3456 a multiple of 8?
True
Does 7 divide 464?
False
Is 43 a factor of 1720?
True
Is 2896 a multiple of 16?
True
Does 4 divide 38?
False
Is 14445 a multiple of 15?
True
Does 39 divide 82290?
True
Is 27 a factor of 2457?
True
Is 1334 a multiple of 29?
True
Does 13 divide 2452?
False
Is 90 a factor of 25991?
False
Does 11 divide 3597?
True
Is 8 a factor of 664?
True
Does 84 divide 588?
True
Is 1792 a multiple of 28?
True
Does 155 divide 10545?
False
Is 40 a factor of 7565?
False
Is 76 a multiple of 5?
False
Is 3567 a multiple of 41?
True
Is 38 a factor of 15289?
False
Does 19 divide 14656?
False
Is 50 a factor of 18214?
False
Does 21 divide 3675?
True
Does 20 divide 3240?
True
Is 210 a multiple of 5?
True
Is 37 a factor of 50949?
True
Does 5 divide 408?
False
Is 128 a factor of 93440?
True
Is 195 a multiple of 15?
True
Is 832 a multiple of 20?
False
Is 35 a multiple of 7?
True
Does 14 divide 452?
False
Does 20 divide 7806?
False
Is 15419 a multiple of 54?
False
Is 1199 a multiple of 7?
False
Is 8 a factor of 424?
True
Does 77 divide 17515?
False
Is 57 a factor of 1186?
False
Does 5 divide 31950?
True
Does 4 divide 52?
True
Is 833 a multiple of 17?
True
Is 26 a factor of 641?
False
Is 71278 a multiple of 106?
False
Is 186 a factor of 77190?
True
Does 80 divide 1429?
False
Does 26 divide 19344?
True
Is 1744 a multiple of 93?
False
Is 58 a factor of 2378?
True
Is 45 a factor of 38333?
False
Is 513 a multiple of 57?
True
Is 631 a multiple of 40?
False
Is 785 a multiple of 6?
False
Is 2445 a multiple of 4?
False
Does 41 divide 10582?
False
Is 28305 a multiple of 9?
True
Is 15 a factor of 5075?
False
Does 80 divide 15492?
False
Is 494 a multiple of 21?
False
Is 73959 a multiple of 89?
True
Is 270 a multiple of 27?
True
Does 21 divide 966?
True
Does 17 divide 1037?
True
Is 3152 a multiple of 16?
True
Is 60 a multiple of 5?
True
Is 2322 a multiple of 6?
True
Does 7 divide 20279?
True
Does 2 divide 118?
True
Does 18 divide 684?
True
Is 18 a factor of 457?
False
Is 16963 a multiple of 8?
False
Is 12 a factor of 204?
True
Is 650 a multiple of 35?
False
Is 23824 a multiple of 16?
True
Is 181 a multiple of 7?
False
Does 12 divide 1260?
True
Does 31 divide 11687?
True
Is 8899 a multiple of 26?
False
Is 165 a multiple of 10?
False
Does 10 divide 20?
True
Does 7 divide 266?
True
Is 2304 a multiple of 18?
True
Does 4 divide 4304?
True
Does 10 divide 14080?
True
Is 21352 a multiple of 14?
False
Is 1783 a multiple of 56?
False
Is 192 a multiple of 24?
True
Is 13846 a multiple of 26?
False
Does 31 divide 93?
True
Does 69 divide 6779?
False
Is 413 a multiple of 59?
True
Is 576 a multiple of 18?
True
Is 18 a factor of 10031?
False
Is 25 a factor of 7025?
True
Does 19 divide 641?
False
Does 4 divide 1402?
False
Is 2171 a multiple of 4?
False
Does 51 divide 1121?
False
Is 5 a factor of 55?
True
Is 38 a multiple of 28?
False
Does 42 divide 252?
True
Is 2 a factor of 428?
True
Is 10 a factor of 441?
False
Is 79025 a multiple of 25?
True
Is 11 a factor of 62292?
False
Does 13 divide 17723?
False
Is 21 a factor of 1785?
True
Is 12 a factor of 11268?
True
Is 2466 a multiple of 18?
True
Is 3640 a multiple of 9?
False
Does 12 divide 4155?
False
Is 15880 a multiple of 40?
True
Is 22 a factor of 836?
True
Is 7546 a multiple of 19?
False
Is 9996 a multiple of 102?
True
Is 15 a factor of 19?
False
Is 5499 a multiple of 47?
True
Is 66 a factor of 5089?
False
Is 70 a factor of 23222?
False
Is 51 a factor of 9540?
False
Does 23 divide 29256?
True
Does 33 divide 36934?
False
Is 47 a factor of 799?
True
Is 55 a factor of 330?
True
Is 6 a factor of 317?
False
Is 3009 a multiple of 17?
True
Is 6 a factor of 541?
False
Does 65 divide 3575?
True
Is 49 a factor of 111034?
True
Is 3 a factor of 480?
True
Is 17 a factor of 95738?
False
Is 503 a multiple of 4?
False
Is 35 a factor of 42945?
True
Is 20642 a multiple of 143?
False
Does 32 divide 1361?
False
Does 7 divide 1751?
False
Is 8274 a multiple of 21?
True
Is 24548 a multiple of 34?
True
Is 27 even?
False
Does 2 divide 192?
True
Is 290 a multiple of 38?
False
Is 16 a factor of 2255?
False
Does 2 divide 682?
True
Does 30 divide 4071?
False
Is 2117 a multiple of 117?
False
Is 12933 a multiple of 27?
True
Is 22 a factor of 8932?
True
Is 4410 a multiple of 30?
True
Does 100 divide 20700?
True
Does 4 divide 8982?
False
Does 7 divide 3045?
True
Does 28 divide 1204?
True
Does 5 divide 6975?
True
Is 108416 a multiple of 308?
True
Is 77596 a multiple of 221?
False
Is 468 a multiple of 78?
True
Is 40656 a multiple of 42?
True
Is 2825 a multiple of 113?
True
Does 4 divide 43404?
True
Does 45 divide 1215?
True
Is 13707 a multiple of 55?
False
Is 2718 a multiple of 54?
False
Is 10 a factor of 2570?
True
Is 3 a factor of 6905?
False
Does 40 divide 2080?
True
Is 5721 a multiple of 41?
False
Is 91 a multiple of 35?
False
Is 58 a factor of 629?
False
Does 35 divide 2170?
True
Is 1562 a multiple of 20?
False
Is 726 a multiple of 22?
True
Is 9467 a multiple of 47?
False
Does 5 divide 46849?
False
Does 46 divide 690?
True
Is 18 a factor of 129564?
True
Is 34 a factor of 1062?
False
Is 14 a factor of 700?
True
Is 2700 a multiple of 8?
False
Is 64 a multiple of 8?
True
Does 23 divide 2461?
True
Is 10 a factor of 36697?
False
Is 103 a factor of 18231?
True
Is 90192 a multiple of 201?
False
Does 74 divide 11493?
False
Does 57 divide 2672?
False
Is 14 a factor of 5670?
True
Does 7 divide 14343?
True
Is 10 a factor of 290?
True
Is 12 a factor of 17099?
False
Is 14 a factor of 417?
False
Does 5 divide 152?
False
Does 247 divide 42484?
True
Does 2 divide 5940?
True
Is 8446 a multiple of 83?
False
Is 18 a factor of 17231?
False
Is 4208 a multiple of 9?
False
Is 176 a multiple of 17?
False
Is 12034 a multiple of 22?
True
Does 57 divide 627?
True
Is 37 a factor of 8917?
True
Does 345 divide 41055?
True
Does 57 divide 18777?
False
Is 18 a factor of 36?
True
Is 3 a factor of 378?
True
Is 3481 a multiple of 86?
False
Is 43226 a multiple of 61?
False
Is 100 a factor of 100?
True
Does 3 divide 658?
False
Is 2332 a multiple of 61?
False
Is 104 a multiple of 15?
False
Does 60 divide 12495?
False
Is 19 a factor of 1702?
False
Is 463 a multiple of 7?
False
Is 151 a factor of 18977?
False
Does 78 divide 2340?
True
Is 12698 a multiple of 14?
True
Is 189 a multiple of 4?
False
Is 14635 a multiple of 73?
False
Does 4 divide 64?
True
Does 4 divide 1597?
False
Is 2280 a multiple of 12?
True
Is 11 a factor of 14699?
False
Is 12 a factor of 3324?
True
Does 25 divide 4770?
False
Is 999 a multiple of 33?
False
Is 23 a factor of 253?
True
Does 25 divide 6425?
True
Does 43 divide 30141?
False
Is 49 a factor of 3675?
True
Is 12 a factor of 88?
False
Is 250 a multiple of 10?
True
Is 43757 a multiple of 47?
True
Does 98 divide 546?
False
Is 54 a factor of 13824?
True
Is 413 a factor of 33571?
False
Is 10633 a multiple of 49?
True
Is 114 a multiple of 38?
True
Does 51 divide 15402?
True
Does 21 divide 6195?
True
Does 26 divide 17836?
True
Is 120892 a multiple of 141?
False
Is 70 a multiple of 7?
True
Is 23 a factor of 1334